late the greatest common factor of c and 5.
5
Let o(c) = 3 + c**2 + 5*c - c + 2*c**3 + 2*c**3 - 2*c. Let t be o(2). Calculate the greatest common factor of t and 172.
43
Let m(g) = 55*g**2 - g + 153. Let o be m(0). Let x(y) = -3*y**3 - 2*y**2 + 3*y - 3. Let q be x(-3). What is the highest common divisor of q and o?
51
Suppose -y = 2*j - 0*j - 278, -426 = -3*j + 3*y. Let s(v) = -v**3 + 37*v**2 - 38*v + 92. Let p be s(36). Calculate the highest common factor of j and p.
20
Suppose -24 = -o + 2*d, -o - 14*d + 21 = -15*d. Let j be (-9)/(0 - 2/12). Calculate the greatest common divisor of o and j.
18
Let o be 13/(((-44)/(-48))/11). What is the greatest common divisor of o and 182?
26
Let i be ((-16)/(-6))/(4/144). What is the greatest common factor of 6 and i?
6
Let u = -37 - -52. Let x(t) = 2*t**2 - 4*t - 6. Let b be x(5). Let i be (-5)/(-1*1/b). Calculate the highest common factor of u and i.
15
Let g be (1/3)/(6/(-9) - -1). Let x be 10/g*3/(3/2). What is the highest common factor of 160 and x?
20
Let m = 687 + -613. Calculate the greatest common divisor of 629 and m.
37
Let l = 11 + -2. Suppose 4*a = 25 - l, t = -2*a + 563. Suppose 8*g = 5*g + t. Calculate the highest common divisor of g and 37.
37
Let j = 23 - 20. Suppose j*r = 3*u - 237, 2*u - 3*r + 2*r = 159. Suppose 0 = 18*o - 23*o + u. What is the highest common factor of o and 40?
8
Suppose 7*x = 4*x + 9. Let n be ((-4)/(-6))/((-2)/(-72)). Let o = 36 - n. What is the greatest common divisor of x and o?
3
Let b = 60 + -31. Let s = b - 29. Let f be s - 0 - (-252)/3. Calculate the greatest common factor of f and 21.
21
Let d(k) = -5*k**3 - k**2 - 18*k + 2. Let b(x) = 4*x**3 + 17*x - 1. Let f(l) = 6*b(l) + 5*d(l). Let g be f(-7). What is the highest common divisor of 9 and g?
9
Let k(r) = r**3 + 16*r**2 + 28*r + 10. Let m be k(-14). What is the greatest common divisor of 15 and m?
5
Suppose 4*i = -g + 127 + 306, -5*g + 437 = 4*i. Calculate the highest common divisor of 2052 and i.
108
Let l(u) = u**2 + 16*u + 60. Let r be l(-4). Calculate the greatest common divisor of r and 42.
6
Suppose 17*x + 59 = 5*b + 18*x, -3*x = -4*b + 51. Calculate the highest common factor of b and 642.
6
Suppose -3*j + 84 = 3*u, 3*u + 5*j - 37 = 45. Suppose 4*d - 538 - 274 = 0. Calculate the highest common factor of d and u.
29
Suppose 3*f = 3*l + 48, -l + 42 = 3*f + 6. Let p(a) = -a**2 + 17*a - 16. Let k be p(f). Calculate the greatest common divisor of k and 36.
36
Suppose -3*f = -0*f - 96. Suppose -2*h = -2*n - 12, -4*n + 2 = h - 3*n. What is the highest common factor of f and h?
4
Let x = 297 - 246. What is the greatest common factor of 17 and x?
17
Let f(p) = p + 39. Let i be f(67). What is the greatest common factor of i and 689?
53
Suppose -5*l - 9629 = -5*t - 2*l, 3*l - 1915 = -t. Suppose t = -13*v + 9*v. Let s be v/(-3) + 7/(-21). What is the greatest common factor of 64 and s?
32
Suppose 4 = -2*b + 6*b. Let s = 0 + b. Let i be (-29)/(-3) - (-24)/(-36). What is the highest common divisor of i and s?
1
Let q(x) = -x**3 - 5*x**2 - 3*x - 3. Let j be 3 + -3 + 0 - 2. Let b be q(j). Let r be (3/b)/((-1)/45). Calculate the highest common divisor of r and 75.
15
Let o = 6 + -3. Let j = -2462 - -2464. Calculate the highest common factor of o and j.
1
Let b = -17 - -25. Let z(m) = m + 22. Let r be z(b). What is the highest common divisor of 75 and r?
15
Let c(w) = w**3 + 4*w**2 - 2*w - 4. Let q be c(-4). Suppose q*d = -8 + 24. Calculate the greatest common divisor of d and 12.
4
Let z(u) = u**2 - 2*u. Let r be z(6). Suppose 3*c - r - 9 = 0. What is the highest common factor of 253 and c?
11
Let l = -23 + 27. Suppose -98 = -p - 0*p + t, l*t = -p + 103. Let u = -3 - -14. Calculate the highest common divisor of p and u.
11
Let u(a) = a**3 + 9*a**2 + 4*a + 17. Let o(g) = -g**2 + g - 1. Let v(x) = 3*o(x) + u(x). Let j be v(-5). What is the highest common factor of j and 4?
4
Let q(i) = -20*i + 59. Let c be q(-3). Let l be (-1)/(-1 - 32/(-34)). Calculate the highest common factor of l and c.
17
Let c = -1499 + 4944. Calculate the greatest common factor of c and 65.
65
Suppose -86*n + 68208 = -30*n. Calculate the greatest common factor of n and 84.
42
Let r be 2/8*-2*-108. Suppose -10*c + 36 = -c. Suppose -h + 17 = 4*n - 5, 2*h - c*n = 32. Calculate the greatest common divisor of h and r.
18
Let l = 2119 + -1919. What is the greatest common divisor of l and 8?
8
Suppose 13*o - 136 = 5*o. What is the greatest common factor of o and 629?
17
Let v = 138 + -122. Calculate the greatest common factor of v and 96.
16
Let t be 42/3 + (0 - 4). Let d = t + -5. Calculate the greatest common factor of 20 and d.
5
Let r(m) = 24*m**2 + 58*m + 2. Let n be r(-3). Calculate the greatest common factor of 32 and n.
4
Suppose -3*p = 2*i - 1, i + i + p - 7 = 0. What is the highest common factor of i and 3?
1
Suppose 0 = -80*y + 83*y - 627. Calculate the highest common divisor of y and 11.
11
Let d be (0 + 1 - 0)*2. Suppose s - 10 = -d*t - 1, 2*t = -5*s + 85. Calculate the greatest common factor of 19 and s.
19
Suppose o + 22*p = 19*p + 13, 133 = 5*o - 2*p. Calculate the highest common divisor of 20 and o.
5
Let s = 1456 + -1382. What is the highest common factor of s and 2?
2
Suppose -2*g = -0 - 6. Let t = -463 + 947. Suppose g*b = -b + t. What is the highest common factor of 11 and b?
11
Suppose -24*l + 842 = -19*l - 4*y, 0 = 3*l - 2*y - 506. Suppose -2*o - 160 = -5*g, 3*g - 4*o + 156 = 7*g. Calculate the greatest common factor of g and l.
34
Let z be -1 - 3 - (34 - 318). Calculate the greatest common factor of z and 200.
40
Suppose 0*f - 2*f = -62. Suppose 2*z - f = -7. Suppose 3*a - 54 = z. What is the greatest common divisor of a and 22?
22
Let h = 201 + -141. What is the greatest common divisor of 45 and h?
15
Suppose -5*l = -25, a - 3*l - 51 = -0*a. Let w = a - -6. What is the highest common divisor of 24 and w?
24
Let g be 1 + -2 + -31 + -1. Let u = -31 - g. Suppose 4*n + s = 85, -5*n - 4*s + 56 = -64. What is the greatest common factor of n and u?
2
Suppose -2*q - 2 = -4*q. Suppose -f + q = -d, -3*d = -2*f + f - 9. Let j be ((-24)/(-10))/((-2)/(-10)). What is the greatest common divisor of f and j?
6
Let z = 144 + -103. Suppose 5*q = 15 + 165. Let a = z + q. Calculate the highest common factor of 11 and a.
11
Suppose 0*b = -3*b + 9. Suppose 5*i + 153 = 8*i + 4*u, 0 = -2*u. Suppose b*a = 3*q - i, 0 = 4*q + 4*a - 6*a - 58. What is the greatest common factor of 6 and q?
6
Suppose 0 = -0*k - 2*k - 4*o - 10, 2*o = -4*k + 4. Suppose -2*l = k*l - 325. What is the greatest common factor of 13 and l?
13
Suppose 3*a - 14 = 58. Let p(g) = -g**3 + 8*g**2 + 6*g - 2. Let o be p(6). Suppose -5*z + a = -o. Calculate the greatest common divisor of z and 130.
26
Let w(y) = -y**2 + 10*y - 16. Let j be w(5). Suppose 6*a = 8*a - 18. What is the highest common factor of j and a?
9
Suppose -25 = 5*t - 60. Let a be 4/12 + (-2)/6 + t. Suppose -o + 6 = -15. What is the greatest common factor of a and o?
7
Suppose -4*p + 180 = 2*w + p, 4*p = 16. Suppose 2*n - 21 = 43. What is the greatest common divisor of w and n?
16
Suppose -3*j - 5*r + 145 = 0, -271 = -5*j - 0*r - r. Let q be (14 - (-74)/(-5))*(-55)/2. What is the highest common divisor of j and q?
11
Suppose -22 + 1 = -3*w. Suppose -3*g + 11 = -w. Let k be (0 - (-1 + 0))*6. What is the greatest common factor of g and k?
6
Suppose -p = -34 - 32. Suppose 6*w = -138 - 150. Let i = 54 + w. Calculate the highest common divisor of p and i.
6
Suppose y - 6*z - 16 = -3*z, -4*y - 3*z = -34. Let q(o) = -39*o + 1. Let p be q(-1). Calculate the highest common divisor of y and p.
10
Suppose -318 = -3*b - 4*f, -4*b + 3*f - 315 = -7*b. Suppose -p - b = -104. Calculate the greatest common divisor of 1 and p.
1
Let w(h) = -1279*h**3 + h**2 + h + 1. Let l be w(-1). Calculate the greatest common divisor of 10 and l.
10
Let r(k) = k**2 + 10*k + 14. Let b = 0 + -10. Let h be r(b). What is the highest common divisor of h and 154?
14
Let y(h) = h**2 + 75*h + 148. Let j be y(0). Calculate the highest common divisor of j and 16.
4
Let i(d) be the second derivative of d**4/12 + 3*d**3/2 - 9*d**2/2 - 26*d. Suppose 3*f + 30 = -0*f. Let x be i(f). What is the highest common factor of x and 8?
1
Let j be (-12)/(-15)*(2 - -6 - 3). Let 